{"id":1107,"date":"2025-01-22T19:05:16","date_gmt":"2025-01-22T18:05:16","guid":{"rendered":"http:\/\/liebevollich.local\/?page_id=1107"},"modified":"2026-01-26T16:50:02","modified_gmt":"2026-01-26T15:50:02","slug":"unterstutzen","status":"publish","type":"page","link":"https:\/\/liebevollich.de\/?page_id=1107","title":{"rendered":"UNTERST\u00dcTZEN"},"content":{"rendered":"\n<div class=\"wp-block-uagb-container container uagb-block-cac782b8 alignfull uagb-is-root-container\">\n<div class=\"wp-block-uagb-container will-appear fade-in uagb-block-5eb25aef\">\n<div class=\"wp-block-uagb-advanced-heading uagb-block-afd3c30a\"><h1 class=\"uagb-heading-text\">Unterst\u00fctzen<\/h1><\/div>\n<\/div>\n\n\n\n<div class=\"wp-block-uagb-container uagb-block-72b01a9f\">\n<div class=\"wp-block-uagb-advanced-heading uagb-block-a995bc7f will-appear fade-up\"><h2 class=\"uagb-heading-text\">Unterst\u00fctzen \u2013 Gemeinsam f\u00fcr W\u00fcrde, Respekt und Nachhaltigkeit<\/h2><\/div>\n\n\n\n<div class=\"wp-block-uagb-advanced-heading uagb-block-96504cc0 will-appear fade-up delay-2\"><h2 class=\"uagb-heading-text\">Du m\u00f6chtest die Welt w\u00fcrdevoller machen? Gemeinsam k\u00f6nnen wir viel bewegen!<\/h2><p class=\"uagb-desc-text\">Ob als Mitglied unserer Organisation, durch dein ehrenamtliches Engagement, mit deiner Spende oder durch die Zusammenarbeit mit deinem Unternehmen \u2013 jede Unterst\u00fctzung hilft, W\u00fcrde als Grundwert in unserer Gesellschaft zu verankern.<br>Finde den Weg, der zu dir passt, und werde Teil einer Bewegung, die Respekt, Menschlichkeit und Nachhaltigkeit ins Zentrum stellt. Denn Ver\u00e4nderung beginnt mit uns allen.<\/p><\/div>\n\n\n\n<div class=\"wp-block-uagb-advanced-heading uagb-block-6edb07ce will-appear fade-up hidden\"><h2 class=\"uagb-heading-text\">Mitglied werden &nbsp;<\/h2><p class=\"uagb-desc-text\">Als Mitglied vom Verein LiebevollICH bist du Teil einer starken, wachsenden Gemeinschaft, die sich aktiv f\u00fcr W\u00fcrde und Menschlichkeit einsetzt. Du unterst\u00fctzt unsere Arbeit langfristig und wirst \u00fcber alle Projekte und Veranstaltungen auf dem Laufenden gehalten. Gemeinsam setzen wir ein Zeichen f\u00fcr Respekt, Demokratie und Freiheit!<\/p><\/div>\n\n\n\n<div class=\"wp-block-uagb-buttons uagb-buttons__outer-wrap uagb-btn__default-btn uagb-btn-tablet__default-btn uagb-btn-mobile__default-btn uagb-block-a88f7d42 hidden\"><div class=\"uagb-buttons__wrap uagb-buttons-layout-wrap \">\n<div class=\"wp-block-uagb-buttons-child uagb-buttons__outer-wrap uagb-block-24760f5a wp-block-button will-appear fade-up delay-3\"><div class=\"uagb-button__wrapper\"><a class=\"uagb-buttons-repeater wp-block-button__link\" aria-label=\"\" href=\"\/register\/\" rel=\"follow noopener\" target=\"_self\" role=\"button\"><div class=\"uagb-button__link\">Jetzt Mitglied werden<\/div><\/a><\/div><\/div>\n<\/div><\/div>\n<\/div>\n\n\n\n<div class=\"wp-block-uagb-container uagb-block-fd4c151c\">\n<div class=\"wp-block-uagb-container uagb-block-dd0ebd7f\">\n<div class=\"wp-block-uagb-container uagb-block-99a81f90\">\n<div class=\"wp-block-uagb-container will-appear fade-up delay-1 uagb-block-f0deecdb\">\n<div class=\"wp-block-uagb-icon-list uagb-block-fabd9e68\"><div class=\"uagb-icon-list__wrap\">\n<div class=\"wp-block-uagb-icon-list-child uagb-block-22ab5b96\"><span class=\"uagb-icon-list__source-wrap\"><svg xmlns=\"https:\/\/www.w3.org\/2000\/svg\" viewBox=\"0 0 448 512\"><path d=\"M438.6 278.6l-160 160C272.4 444.9 264.2 448 256 448s-16.38-3.125-22.62-9.375c-12.5-12.5-12.5-32.75 0-45.25L338.8 288H32C14.33 288 .0016 273.7 .0016 256S14.33 224 32 224h306.8l-105.4-105.4c-12.5-12.5-12.5-32.75 0-45.25s32.75-12.5 45.25 0l160 160C451.1 245.9 451.1 266.1 438.6 278.6z\"><\/path><\/svg><\/span><span class=\"uagb-icon-list__label\">Hilf uns bei der Organisation und Durchf\u00fchrung unserer W\u00fcrde World Caf\u00e9s, \u2028 Workshops oder Veranstaltungen.<\/span><\/div>\n<\/div><\/div>\n<\/div>\n\n\n\n<div class=\"wp-block-uagb-container will-appear fade-up delay-2 uagb-block-9f52120c\">\n<div class=\"wp-block-uagb-icon-list uagb-block-775d7006\"><div class=\"uagb-icon-list__wrap\">\n<div class=\"wp-block-uagb-icon-list-child uagb-block-d02fa75a\"><span class=\"uagb-icon-list__source-wrap\"><svg xmlns=\"https:\/\/www.w3.org\/2000\/svg\" viewBox=\"0 0 448 512\"><path d=\"M438.6 278.6l-160 160C272.4 444.9 264.2 448 256 448s-16.38-3.125-22.62-9.375c-12.5-12.5-12.5-32.75 0-45.25L338.8 288H32C14.33 288 .0016 273.7 .0016 256S14.33 224 32 224h306.8l-105.4-105.4c-12.5-12.5-12.5-32.75 0-45.25s32.75-12.5 45.25 0l160 160C451.1 245.9 451.1 266.1 438.6 278.6z\"><\/path><\/svg><\/span><span class=\"uagb-icon-list__label\">Unterst\u00fctze uns administrativ und \/ oder unsere lokalen Gruppen\u00a0<\/span><\/div>\n<\/div><\/div>\n<\/div>\n\n\n\n<div class=\"wp-block-uagb-container will-appear fade-up delay-3 uagb-block-90c4e9c2\">\n<div class=\"wp-block-uagb-icon-list uagb-block-276004ab\"><div class=\"uagb-icon-list__wrap\">\n<div class=\"wp-block-uagb-icon-list-child uagb-block-8584f3aa\"><span class=\"uagb-icon-list__source-wrap\"><svg xmlns=\"https:\/\/www.w3.org\/2000\/svg\" viewBox=\"0 0 448 512\"><path d=\"M438.6 278.6l-160 160C272.4 444.9 264.2 448 256 448s-16.38-3.125-22.62-9.375c-12.5-12.5-12.5-32.75 0-45.25L338.8 288H32C14.33 288 .0016 273.7 .0016 256S14.33 224 32 224h306.8l-105.4-105.4c-12.5-12.5-12.5-32.75 0-45.25s32.75-12.5 45.25 0l160 160C451.1 245.9 451.1 266.1 438.6 278.6z\"><\/path><\/svg><\/span><span class=\"uagb-icon-list__label\">Unterst\u00fctze unsere Kampagnen und erreiche mit uns viele Menschen.<\/span><\/div>\n<\/div><\/div>\n<\/div>\n\n\n\n<div class=\"wp-block-uagb-container will-appear fade-up delay-4 uagb-block-07bb11f2\">\n<div class=\"wp-block-uagb-icon-list uagb-block-f36d6cc0\"><div class=\"uagb-icon-list__wrap\">\n<div class=\"wp-block-uagb-icon-list-child uagb-block-f052c091\"><span class=\"uagb-icon-list__source-wrap\"><svg xmlns=\"https:\/\/www.w3.org\/2000\/svg\" viewBox=\"0 0 448 512\"><path d=\"M438.6 278.6l-160 160C272.4 444.9 264.2 448 256 448s-16.38-3.125-22.62-9.375c-12.5-12.5-12.5-32.75 0-45.25L338.8 288H32C14.33 288 .0016 273.7 .0016 256S14.33 224 32 224h306.8l-105.4-105.4c-12.5-12.5-12.5-32.75 0-45.25s32.75-12.5 45.25 0l160 160C451.1 245.9 451.1 266.1 438.6 278.6z\"><\/path><\/svg><\/span><span class=\"uagb-icon-list__label\">Dein Engagement ist ein wertvoller Beitrag, der unsere Projekte voranbringt und das Bewusstsein der Menschen f\u00fcr W\u00fcrde st\u00e4rkt.<\/span><\/div>\n<\/div><\/div>\n<\/div>\n<\/div>\n\n\n\n<div class=\"wp-block-uagb-container will-appear fade-up uagb-block-696602ab\"><\/div>\n<\/div>\n\n\n\n<div class=\"wp-block-uagb-buttons uagb-buttons__outer-wrap uagb-btn__default-btn uagb-btn-tablet__default-btn uagb-btn-mobile__default-btn uagb-block-e2f47a47 hidden uag-hide-desktop uag-hide-tab uag-hide-mob\"><div class=\"uagb-buttons__wrap uagb-buttons-layout-wrap \">\n<div class=\"wp-block-uagb-buttons-child uagb-buttons__outer-wrap uagb-block-965e6de3 wp-block-button will-appear fade-up delay-3\"><div class=\"uagb-button__wrapper\"><a class=\"uagb-buttons-repeater wp-block-button__link\" aria-label=\"\" href=\"#\" rel=\"follow noopener\" target=\"_self\" role=\"button\"><div class=\"uagb-button__link\">Hier bewerben<\/div><\/a><\/div><\/div>\n<\/div><\/div>\n<\/div>\n\n\n\n<div class=\"wp-block-uagb-container uagb-block-1a757abd\">\n<div class=\"wp-block-uagb-image uagb-block-f6538265 wp-block-uagb-image--layout-default wp-block-uagb-image--effect-static wp-block-uagb-image--align-none will-appear fade-up hidden\"><figure class=\"wp-block-uagb-image__figure\"><img decoding=\"async\" srcset=\"https:\/\/liebevollich.de\/wp-content\/uploads\/2025\/01\/Frame-1618873142-1024x334.png ,https:\/\/liebevollich.de\/wp-content\/uploads\/2025\/01\/Frame-1618873142.png 780w, https:\/\/liebevollich.de\/wp-content\/uploads\/2025\/01\/Frame-1618873142.png 360w\" sizes=\"auto, (max-width: 480px) 150px\" src=\"https:\/\/liebevollich.de\/wp-content\/uploads\/2025\/01\/Frame-1618873142-1024x334.png\" alt=\"\" class=\"uag-image-1124\" width=\"1024\" height=\"334\" title=\"Frame 1618873142\" loading=\"lazy\" role=\"img\"\/><\/figure><\/div>\n\n\n\n<div class=\"wp-block-uagb-buttons uagb-buttons__outer-wrap uagb-btn__default-btn uagb-btn-tablet__default-btn uagb-btn-mobile__default-btn uagb-block-3de45fa7 hidden\"><div class=\"uagb-buttons__wrap uagb-buttons-layout-wrap \">\n<div class=\"wp-block-uagb-buttons-child uagb-buttons__outer-wrap uagb-block-d98cf467 wp-block-button will-appear fade-up delay-3\"><div class=\"uagb-button__wrapper\"><a class=\"uagb-buttons-repeater wp-block-button__link\" aria-label=\"\" href=\"https:\/\/liebevollich.de\/spenden\/\" rel=\"follow noopener\" target=\"_self\" role=\"button\"><div class=\"uagb-button__link\">Jetzt spenden<\/div><\/a><\/div><\/div>\n<\/div><\/div>\n<\/div>\n\n\n\n<div class=\"wp-block-uagb-container uagb-block-977539fc\">\n<div class=\"wp-block-uagb-advanced-heading uagb-block-63d7fcdf will-appear fade-up\"><h2 class=\"uagb-heading-text\">Patenschaften und Kooperationen<\/h2><\/div>\n\n\n\n<div class=\"wp-block-uagb-container will-appear fade-up delay-1 uagb-block-6b788f07\"><\/div>\n<\/div>\n\n\n\n<div class=\"wp-block-uagb-container uagb-block-b86a8be5\">\n<div class=\"wp-block-uagb-container will-appear fade-up uagb-block-d29529a2\">\n<div class=\"wp-block-uagb-container uagb-block-b76186b4\"><\/div>\n\n\n\n<div class=\"wp-block-uagb-container uagb-block-d3a17347\">\n<div class=\"wp-block-uagb-advanced-heading uagb-block-ac8a3d79 will-appear fade-up delay-1\"><h2 class=\"uagb-heading-text\">Patenschaften und<br>Kooperationen<\/h2><p class=\"uagb-desc-text\">Auch als Unternehmen oder Organisation kannst du mit uns kooperieren \u2013 durch gemeinsame Projekte, Corporate Volunteering oder gezielte F\u00f6rderungen. Eure Unterst\u00fctzung hilft uns, den Gedanken der W\u00fcrde in die Arbeitswelt, das Bildungswesen und die Gesellschaft zu tragen.\u2028\u2028<\/p><\/div>\n\n\n\n<div class=\"wp-block-uagb-container will-appear fade-up delay-2 uagb-block-7c0f250f\">\n<div class=\"wp-block-uagb-icon-list uagb-block-f7c04d7c\"><div class=\"uagb-icon-list__wrap\">\n<div class=\"wp-block-uagb-icon-list-child uagb-block-28d0f7bf\"><span class=\"uagb-icon-list__source-wrap\"><svg xmlns=\"https:\/\/www.w3.org\/2000\/svg\" viewBox=\"0 0 448 512\"><path d=\"M438.6 278.6l-160 160C272.4 444.9 264.2 448 256 448s-16.38-3.125-22.62-9.375c-12.5-12.5-12.5-32.75 0-45.25L338.8 288H32C14.33 288 .0016 273.7 .0016 256S14.33 224 32 224h306.8l-105.4-105.4c-12.5-12.5-12.5-32.75 0-45.25s32.75-12.5 45.25 0l160 160C451.1 245.9 451.1 266.1 438.6 278.6z\"><\/path><\/svg><\/span><span class=\"uagb-icon-list__label\"><strong>Unternehmen:<\/strong><br>Unterst\u00fctze uns durch Corporate Volunteering, gezielte F\u00f6rderprojekte oder Sponsoring.<\/span><\/div>\n<\/div><\/div>\n<\/div>\n\n\n\n<div class=\"wp-block-uagb-container will-appear fade-up delay-3 uagb-block-45012d51\">\n<div class=\"wp-block-uagb-icon-list uagb-block-17f2d3ab\"><div class=\"uagb-icon-list__wrap\">\n<div class=\"wp-block-uagb-icon-list-child uagb-block-b416f475\"><span class=\"uagb-icon-list__source-wrap\"><svg xmlns=\"https:\/\/www.w3.org\/2000\/svg\" viewBox=\"0 0 448 512\"><path d=\"M438.6 278.6l-160 160C272.4 444.9 264.2 448 256 448s-16.38-3.125-22.62-9.375c-12.5-12.5-12.5-32.75 0-45.25L338.8 288H32C14.33 288 .0016 273.7 .0016 256S14.33 224 32 224h306.8l-105.4-105.4c-12.5-12.5-12.5-32.75 0-45.25s32.75-12.5 45.25 0l160 160C451.1 245.9 451.1 266.1 438.6 278.6z\"><\/path><\/svg><\/span><span class=\"uagb-icon-list__label\"><strong>Organisationen:<\/strong><br>Arbeite mit uns an gemeinsamen Projekten, die den Gedanken der W\u00fcrde in Bildung, Arbeitswelt oder Gesellschaft tragen.<\/span><\/div>\n<\/div><\/div>\n<\/div>\n<\/div>\n<\/div>\n\n\n\n<div class=\"wp-block-uagb-container will-appear fade-up delay-4 uagb-block-0facef05\">\n<div class=\"wp-block-uagb-icon-list uagb-block-a34a8cef\"><div class=\"uagb-icon-list__wrap\">\n<div class=\"wp-block-uagb-icon-list-child uagb-block-088cca97\"><span class=\"uagb-icon-list__source-wrap\"><svg xmlns=\"https:\/\/www.w3.org\/2000\/svg\" viewBox=\"0 0 448 512\"><path d=\"M438.6 278.6l-160 160C272.4 444.9 264.2 448 256 448s-16.38-3.125-22.62-9.375c-12.5-12.5-12.5-32.75 0-45.25L338.8 288H32C14.33 288 .0016 273.7 .0016 256S14.33 224 32 224h306.8l-105.4-105.4c-12.5-12.5-12.5-32.75 0-45.25s32.75-12.5 45.25 0l160 160C451.1 245.9 451.1 266.1 438.6 278.6z\"><\/path><\/svg><\/span><span class=\"uagb-icon-list__label\"><strong>Pers\u00f6nlichkeiten::<\/strong><br>Nutze deine Stimme, um unsere Botschaft weiterzutragen und Aufmerksamkeit f\u00fcr eine Welt in W\u00fcrde zu schaffen.<\/span><\/div>\n<\/div><\/div>\n<\/div>\n<\/div>\n\n\n\n<div class=\"wp-block-uagb-container uagb-block-2e7ab232\">\n<div class=\"wp-block-uagb-advanced-heading uagb-block-0d163b31 will-appear fade-up delay-2\"><h2 class=\"uagb-heading-text\">Gemeinsam echte Ver\u00e4nderung bewirken<\/h2><p class=\"uagb-desc-text\">Jede Form der Unterst\u00fctzung \u2013 ob gro\u00df oder klein \u2013 bringt uns n\u00e4her an unser Ziel: W\u00fcrde als festen Bestandteil unserer Gesellschaft zu verankern.<\/p><\/div>\n\n\n\n<div class=\"wp-block-uagb-container uagb-block-9a592343\">\n<div class=\"wp-block-uagb-advanced-heading uagb-block-c9fa1689 will-appear fade-up delay-2\"><h2 class=\"uagb-heading-text\">Mach den ersten Schritt!<\/h2><p class=\"uagb-desc-text\">Werde Mitglied, spende, engagiere dich oder kontaktiere uns f\u00fcr weitere Informationen. Zusammen k\u00f6nnen wir eine Bewegung gestalten, die echten Wandel bringt.<\/p><\/div>\n\n\n\n<div class=\"wp-block-uagb-advanced-heading uagb-block-1f1d1ea8 will-appear fade-up delay-2\"><h2 class=\"uagb-heading-text\">Fragen oder Ideen?<\/h2><p class=\"uagb-desc-text\">Schreib uns eine Mail oder nutze unser Kontaktformular \u2013 wir freuen uns auf dich!<\/p><\/div>\n<\/div>\n\n\n\n<div class=\"wp-block-uagb-buttons uagb-buttons__outer-wrap uagb-btn__default-btn uagb-btn-tablet__default-btn uagb-btn-mobile__default-btn uagb-block-c0c287e4 uag-hide-desktop uag-hide-tab uag-hide-mob\"><div class=\"uagb-buttons__wrap uagb-buttons-layout-wrap \">\n<div class=\"wp-block-uagb-buttons-child uagb-buttons__outer-wrap uagb-block-987326cf wp-block-button will-appear fade-up delay-3\"><div class=\"uagb-button__wrapper\"><a class=\"uagb-buttons-repeater wp-block-button__link\" aria-label=\"\" href=\"#\" rel=\"follow noopener\" target=\"_self\" role=\"button\"><div class=\"uagb-button__link\">Jetzt unterst\u00fctzen\u00a0<\/div><\/a><\/div><\/div>\n<\/div><\/div>\n<\/div>\n<\/div>\n","protected":false},"excerpt":{"rendered":"<p>Unterst\u00fctzen Unterst\u00fctzen \u2013 Gemeinsam f\u00fcr W\u00fcrde, Respekt und Nachhaltigkeit Du m\u00f6chtest die Welt w\u00fcrdevoller machen? Gemeinsam k\u00f6nnen wir viel bewegen! Ob als Mitglied unserer Organisation, durch dein ehrenamtliches Engagement, mit [&hellip;]<\/p>\n","protected":false},"author":2,"featured_media":0,"parent":0,"menu_order":0,"comment_status":"closed","ping_status":"closed","template":"","meta":{"_uag_custom_page_level_css":"","_EventAllDay":false,"_EventTimezone":"","_EventStartDate":"","_EventEndDate":"","_EventStartDateUTC":"","_EventEndDateUTC":"","_EventShowMap":false,"_EventShowMapLink":false,"_EventURL":"","_EventCost":"","_EventCostDescription":"","_EventCurrencySymbol":"","_EventCurrencyCode":"","_EventCurrencyPosition":"","_EventDateTimeSeparator":"","_EventTimeRangeSeparator":"","_EventOrganizerID":[],"_EventVenueID":[],"_OrganizerEmail":"","_OrganizerPhone":"","_OrganizerWebsite":"","_VenueAddress":"","_VenueCity":"","_VenueCountry":"","_VenueProvince":"","_VenueState":"","_VenueZip":"","_VenuePhone":"","_VenueURL":"","_VenueStateProvince":"","_VenueLat":"","_VenueLng":"","_VenueShowMap":false,"_VenueShowMapLink":false,"footnotes":""},"class_list":["post-1107","page","type-page","status-publish","hentry"],"uagb_featured_image_src":{"full":false,"thumbnail":false,"medium":false,"medium_large":false,"large":false,"1536x1536":false,"2048x2048":false},"uagb_author_info":{"display_name":"test_dev_X1@","author_link":"https:\/\/liebevollich.de\/?author=2"},"uagb_comment_info":0,"uagb_excerpt":"Unterst\u00fctzen Unterst\u00fctzen \u2013 Gemeinsam f\u00fcr W\u00fcrde, Respekt und Nachhaltigkeit Du m\u00f6chtest die Welt w\u00fcrdevoller machen? Gemeinsam k\u00f6nnen wir viel bewegen! Ob als Mitglied unserer Organisation, durch dein ehrenamtliches Engagement, mit [&hellip;]","_links":{"self":[{"href":"https:\/\/liebevollich.de\/index.php?rest_route=\/wp\/v2\/pages\/1107","targetHints":{"allow":["GET"]}}],"collection":[{"href":"https:\/\/liebevollich.de\/index.php?rest_route=\/wp\/v2\/pages"}],"about":[{"href":"https:\/\/liebevollich.de\/index.php?rest_route=\/wp\/v2\/types\/page"}],"author":[{"embeddable":true,"href":"https:\/\/liebevollich.de\/index.php?rest_route=\/wp\/v2\/users\/2"}],"replies":[{"embeddable":true,"href":"https:\/\/liebevollich.de\/index.php?rest_route=%2Fwp%2Fv2%2Fcomments&post=1107"}],"version-history":[{"count":35,"href":"https:\/\/liebevollich.de\/index.php?rest_route=\/wp\/v2\/pages\/1107\/revisions"}],"predecessor-version":[{"id":2141,"href":"https:\/\/liebevollich.de\/index.php?rest_route=\/wp\/v2\/pages\/1107\/revisions\/2141"}],"wp:attachment":[{"href":"https:\/\/liebevollich.de\/index.php?rest_route=%2Fwp%2Fv2%2Fmedia&parent=1107"}],"curies":[{"name":"wp","href":"https:\/\/api.w.org\/{rel}","templated":true}]}}