{"id":1264,"date":"2025-01-28T16:34:49","date_gmt":"2025-01-28T15:34:49","guid":{"rendered":"http:\/\/liebevollich.local\/?page_id=1264"},"modified":"2026-02-01T11:25:32","modified_gmt":"2026-02-01T10:25:32","slug":"selbsthilfegruppen","status":"publish","type":"page","link":"https:\/\/liebevollich.de\/?page_id=1264","title":{"rendered":"SELBSTHILFEGRUPPEN"},"content":{"rendered":"\n<div class=\"wp-block-uagb-container container uagb-block-337923ab alignfull uagb-is-root-container\">\n<div class=\"wp-block-uagb-advanced-heading uagb-block-3dc5dc60 will-appear fade-up\"><h2 class=\"uagb-heading-text\">Selbsthilfegruppe zum Thema \u201eW\u00fcrde des Menschen\u201c<\/h2><\/div>\n\n\n\n<div class=\"wp-block-uagb-container uagb-block-505c7a12 alignfull uagb-is-root-container\">\n<div class=\"wp-block-uagb-container uagb-block-75e6eee8\">\n<div class=\"wp-block-uagb-advanced-heading uagb-block-78675b2c will-appear fade-up\"><p class=\"uagb-desc-text\">Die einzige und ehrlichste Hilfe, ist die Hilfe zur Selbsthilfe!<\/p><\/div>\n\n\n\n<div class=\"wp-block-uagb-image uagb-block-266ad4fa wp-block-uagb-image--layout-default wp-block-uagb-image--effect-static wp-block-uagb-image--align-none will-appear fade-up delay-1\"><figure class=\"wp-block-uagb-image__figure\"><img decoding=\"async\" srcset=\"https:\/\/liebevollich.de\/wp-content\/uploads\/2024\/12\/pen-under-digital.png ,https:\/\/liebevollich.de\/wp-content\/uploads\/2024\/12\/pen-under-digital.png 780w, https:\/\/liebevollich.de\/wp-content\/uploads\/2024\/12\/pen-under-digital.png 360w\" sizes=\"auto, (max-width: 480px) 150px\" src=\"https:\/\/liebevollich.de\/wp-content\/uploads\/2024\/12\/pen-under-digital.png\" alt=\"\" class=\"uag-image-497\" width=\"521\" height=\"26\" title=\"pen under digital\" loading=\"lazy\" role=\"img\"\/><\/figure><\/div>\n\n\n\n<p class=\"has-text-align-left will-appear fade-up delay-2 has-black-color has-text-color has-link-color wp-elements-dec5ca28baa31666305be34f3167bd33\" style=\"font-size:20px\">LiebevollICH ist eine gemeinn\u00fctzige Initiative und Community, die sich der F\u00f6rderung von W\u00fcrde, Achtsamkeit und sozialer Verantwortung verschrieben hat. Unser Verein versteht sich als Wegbegleiter f\u00fcr Menschen, die ihre innere St\u00e4rke entdecken, ihr Potenzial entfalten und ein selbstbestimmtes Leben in Verbundenheit mit ihrer Gemeinschaft f\u00fchren m\u00f6chten.<\/p>\n<\/div>\n\n\n\n<div class=\"wp-block-uagb-container will-appear fade-up delay-2 card-shadow uagb-block-f764471c\"><\/div>\n<\/div>\n\n\n\n<div class=\"wp-block-uagb-container uagb-block-72b01a9f alignfull uagb-is-root-container\"><div class=\"uagb-container-inner-blocks-wrap\">\n<div class=\"wp-block-uagb-advanced-heading uagb-block-96504cc0 will-appear fade-up delay-2\"><h2 class=\"uagb-heading-text\">Warum Selbsthilfe?<\/h2><p class=\"uagb-desc-text\">Wir bitten um vorherige Anmeldung, da die Orte je nach Termin zuk\u00fcnftig wechseln werden. Wir bieten zwei Termine im Monat an, um jedem gerecht zu werden, und die Gruppe nicht zu gro\u00df ist. Von daher gilt: einmal im Monat. Adresse: Hebborner Berg 51 oder der Parit\u00e4tische Odenthaler Str. 19, nach Anmeldung Bekanntgabe des Ortes<\/p><\/div>\n<\/div><\/div>\n\n\n\n<div class=\"wp-block-uagb-container uagb-block-c34a50e7\">\n<div class=\"wp-block-uagb-advanced-heading uagb-block-f69f2d69\"><h2 class=\"uagb-heading-text\">Selbsthilfe-termine<\/h2><p class=\"uagb-desc-text\">Die Selbsthilfegruppe findet jeden Monat zweimal statt. <a href=\"https:\/\/liebevollich.de\/?post_type=tribe_events\" data-type=\"page\" data-id=\"1753\">Klicke hier<\/a>, um die Termine zu sehen und dich anzumelden.<\/p><\/div>\n\n\n\n<div class=\"wp-block-uagb-buttons uagb-buttons__outer-wrap uagb-btn__default-btn uagb-btn-tablet__default-btn uagb-btn-mobile__default-btn uagb-block-a58e4825\"><div class=\"uagb-buttons__wrap uagb-buttons-layout-wrap \">\n<div class=\"wp-block-uagb-buttons-child uagb-buttons__outer-wrap uagb-block-d1d3471e wp-block-button\"><div class=\"uagb-button__wrapper\"><a class=\"uagb-buttons-repeater wp-block-button__link\" aria-label=\"\" href=\"https:\/\/liebevollich.de\/events\/liste\/?tribe-bar-search=selbsthilfegruppe+\" rel=\"follow noopener\" target=\"_self\" role=\"button\"><div class=\"uagb-button__link\">zu den Terminen<\/div><span class=\"uagb-button__icon uagb-button__icon-position-after\"><svg xmlns=\"https:\/\/www.w3.org\/2000\/svg\" viewBox=\"0 0 256 512\" aria-hidden=\"true\" focussable=\"false\"><path d=\"M64 448c-8.188 0-16.38-3.125-22.62-9.375c-12.5-12.5-12.5-32.75 0-45.25L178.8 256L41.38 118.6c-12.5-12.5-12.5-32.75 0-45.25s32.75-12.5 45.25 0l160 160c12.5 12.5 12.5 32.75 0 45.25l-160 160C80.38 444.9 72.19 448 64 448z\"><\/path><\/svg><\/span><\/a><\/div><\/div>\n<\/div><\/div>\n<\/div>\n\n\n\n<div class=\"wp-block-uagb-container uagb-block-52a2fe37\">\n<div class=\"wp-block-uagb-container content uagb-block-4b9e9e0b alignfull uagb-is-root-container\">\n<div class=\"wp-block-uagb-container will-appear fade-up delay-1 uagb-block-99fe2f60\">\n<div class=\"wp-block-uagb-advanced-heading uagb-block-3ff669e7\"><h2 class=\"uagb-heading-text\">Was sagen die Teilnehmenden?<\/h2><\/div>\n\n\n\n<div class=\"wp-block-uagb-slider uagb-block-f72c912d uagb-slider-container\"><div class=\"uagb-slides uagb-swiper\"><div class=\"swiper-wrapper\">\n<div class=\"wp-block-uagb-slider-child uagb-slider-child-wrap swiper-slide uagb-block-fec170f5\"><div class=\"swiper-content\">\n<div class=\"wp-block-uagb-container uagb-block-579de963 default uagb-is-root-container\">\n<div class=\"wp-block-uagb-container uagb-block-b9813bc9\">\n<div class=\"wp-block-uagb-advanced-heading uagb-block-93206cf9\"><h2 class=\"uagb-heading-text\">Gerda<\/h2><\/div>\n\n\n\n<p>Nach einem traumatischen Ereignis war es f\u00fcr mich ein riesengro\u00dfes Gl\u00fcck Conny und die Selbsthilfegruppe Liebevoll ICH zu finden. Seit mehr als drei Jahren nehme ich an den&nbsp;&nbsp;Treffen teil. Die Gruppenabende bieten jedem Teilnehmer die M\u00f6glichkeit \u00fcber einer belastende Lebenssituation zu sprechen. Ich habe dort in einer gesch\u00fctzten Umgebung&nbsp;&nbsp;\u00fcber mich und mein damaliges Seelenleid sprechen d\u00fcrfen&nbsp;&nbsp;und habe Offenheit, Verst\u00e4ndnis, Wertsch\u00e4tzung , Achtung und liebevolles Zuh\u00f6ren erfahren d\u00fcrfen.<\/p>\n\n\n\n<p>Ich konnte mich fallen lassen und wurde aufgefangen, am Ende war es f\u00fcr mich so, ich konnte erleichtert und gest\u00e4rkt nach Hause zu gehen. Allein das Wissen um diese Gruppe macht ein gutes Gef\u00fchl und auch hier gilt: keiner ist allein, gemeinsam sind wir stark. <\/p>\n\n\n\n<p>Danke Conny<\/p>\n<\/div>\n<\/div>\n<\/div><\/div>\n\n\n\n<div class=\"wp-block-uagb-slider-child uagb-slider-child-wrap swiper-slide uagb-block-23b433f7\"><div class=\"swiper-content\">\n<div class=\"wp-block-uagb-container uagb-block-50462619 default uagb-is-root-container\">\n<div class=\"wp-block-uagb-container uagb-block-ff205e32\">\n<div class=\"wp-block-uagb-advanced-heading uagb-block-a6dfc015\"><h2 class=\"uagb-heading-text\">Dani<\/h2><\/div>\n\n\n\n<p>Ich f\u00fchle mich in der Gruppe gut aufgehoben weil ich vor aufmerksamen und empathischen Menschen \u00fcber meine Gedanken und Gef\u00fchle sprechen kann. Das tut gut und hilft mir, meine Sorgen besser zu verstehen und daf\u00fcr eine L\u00f6sung zu finden.<\/p>\n<\/div>\n<\/div>\n<\/div><\/div>\n\n\n\n<div class=\"wp-block-uagb-slider-child uagb-slider-child-wrap swiper-slide uagb-block-5c9129a6\"><div class=\"swiper-content\">\n<div class=\"wp-block-uagb-container uagb-block-e10f1b81 default uagb-is-root-container\">\n<div class=\"wp-block-uagb-container uagb-block-a3ff296b\">\n<div class=\"wp-block-uagb-advanced-heading uagb-block-fcfd6eda\"><h2 class=\"uagb-heading-text\">Stephie<\/h2><\/div>\n\n\n\n<p>Ich besuche sehr gerne unsere W\u00fcrde-Gruppe, da der vertrauliche Rahmen und die liebevollen Mitmenschen dort es mir leicht machen, mich zu \u00f6ffnen. Egal, welches Thema mich bewegt \u2013 alles ist willkommen. Am Ende eines jeden Treffens f\u00fchle ich mich best\u00e4rkt und gehe mit einem besseren Gef\u00fchl wieder nach Hause.<\/p>\n<\/div>\n<\/div>\n<\/div><\/div>\n<\/div><\/div><div class=\"swiper-pagination\"><\/div><\/div>\n<\/div>\n\n\n\n<p><\/p>\n<\/div>\n<\/div>\n\n\n\n<div class=\"wp-block-uagb-container uagb-block-c60676c6 alignfull uagb-is-root-container\"><div class=\"uagb-container-inner-blocks-wrap\">\n<div class=\"wp-block-uagb-advanced-heading uagb-block-fb8520b2 will-appear fade-up delay-2\"><h2 class=\"uagb-heading-text\">Wie arbeiten wir?<\/h2><p class=\"uagb-desc-text\">Unsere Gruppen stellen die W\u00fcrde des Menschen in den Mittelpunkt. Die Teilnehmenden haben die M\u00f6glichkeit, pers\u00f6nliche Erfahrungen und Herausforderungen einzubringen \u2013 sei es im Umgang mit der eigenen W\u00fcrde oder der der anderen. Gemeinsam entwickeln wir L\u00f6sungsans\u00e4tze f\u00fcr herausfordernde Lebenssituationen.<\/p><\/div>\n<\/div><\/div>\n\n\n\n<div class=\"wp-block-uagb-container uagb-block-ff6e06b5 alignfull uagb-is-root-container\">\n<div class=\"wp-block-uagb-advanced-heading uagb-block-a7fa2183 will-appear fade-up delay-2\"><h2 class=\"uagb-heading-text\">Was macht unsere Selbsthilfegruppen aus?<\/h2><\/div>\n\n\n\n<div class=\"wp-block-uagb-container will-appear fade-up uagb-block-9f347083\">\n<div class=\"wp-block-uagb-container uagb-block-f0deecdb\">\n<div class=\"wp-block-uagb-icon-list uagb-block-fabd9e68\"><div class=\"uagb-icon-list__wrap\">\n<div class=\"wp-block-uagb-icon-list-child uagb-block-22ab5b96\"><span class=\"uagb-icon-list__source-wrap\"><svg xmlns=\"https:\/\/www.w3.org\/2000\/svg\" viewBox=\"0 0 448 512\"><path d=\"M438.6 278.6l-160 160C272.4 444.9 264.2 448 256 448s-16.38-3.125-22.62-9.375c-12.5-12.5-12.5-32.75 0-45.25L338.8 288H32C14.33 288 .0016 273.7 .0016 256S14.33 224 32 224h306.8l-105.4-105.4c-12.5-12.5-12.5-32.75 0-45.25s32.75-12.5 45.25 0l160 160C451.1 245.9 451.1 266.1 438.6 278.6z\"><\/path><\/svg><\/span><span class=\"uagb-icon-list__label\">Zielsetzung:<\/span><\/div>\n<\/div><\/div>\n<\/div>\n\n\n\n<div class=\"wp-block-uagb-advanced-heading uagb-block-c1893183\"><h2 class=\"uagb-heading-text\">Wir bieten Unterst\u00fctzung und Orientierung, um die W\u00fcrde auch in schwierigen Momenten zu bewahren. Unsere Arbeit hilft, die eigene St\u00e4rke zu entdecken und den Umgang mit belastenden Situationen zu reflektieren und Selbstwirksamkeit zu erleben.<\/h2><\/div>\n<\/div>\n\n\n\n<div class=\"wp-block-uagb-container will-appear fade-up uagb-block-77f35707\">\n<div class=\"wp-block-uagb-container uagb-block-4d103fa8\">\n<div class=\"wp-block-uagb-icon-list uagb-block-d08b9dd6\"><div class=\"uagb-icon-list__wrap\">\n<div class=\"wp-block-uagb-icon-list-child uagb-block-01a4600f\"><span class=\"uagb-icon-list__source-wrap\"><svg xmlns=\"https:\/\/www.w3.org\/2000\/svg\" viewBox=\"0 0 448 512\"><path d=\"M438.6 278.6l-160 160C272.4 444.9 264.2 448 256 448s-16.38-3.125-22.62-9.375c-12.5-12.5-12.5-32.75 0-45.25L338.8 288H32C14.33 288 .0016 273.7 .0016 256S14.33 224 32 224h306.8l-105.4-105.4c-12.5-12.5-12.5-32.75 0-45.25s32.75-12.5 45.25 0l160 160C451.1 245.9 451.1 266.1 438.6 278.6z\"><\/path><\/svg><\/span><span class=\"uagb-icon-list__label\">Gruppenleitung:<\/span><\/div>\n<\/div><\/div>\n<\/div>\n\n\n\n<div class=\"wp-block-uagb-advanced-heading uagb-block-feef6380\"><h2 class=\"uagb-heading-text\">Eine erfahrene Moderation sorgt daf\u00fcr, dass der Austausch in einem gesch\u00fctzten und respektvollen Rahmen stattfindet.<\/h2><\/div>\n<\/div>\n\n\n\n<div class=\"wp-block-uagb-container will-appear fade-up uagb-block-03dd9805\">\n<div class=\"wp-block-uagb-container uagb-block-f92b4154\">\n<div class=\"wp-block-uagb-icon-list uagb-block-3d2041c2\"><div class=\"uagb-icon-list__wrap\">\n<div class=\"wp-block-uagb-icon-list-child uagb-block-e2db20af\"><span class=\"uagb-icon-list__source-wrap\"><svg xmlns=\"https:\/\/www.w3.org\/2000\/svg\" viewBox=\"0 0 448 512\"><path d=\"M438.6 278.6l-160 160C272.4 444.9 264.2 448 256 448s-16.38-3.125-22.62-9.375c-12.5-12.5-12.5-32.75 0-45.25L338.8 288H32C14.33 288 .0016 273.7 .0016 256S14.33 224 32 224h306.8l-105.4-105.4c-12.5-12.5-12.5-32.75 0-45.25s32.75-12.5 45.25 0l160 160C451.1 245.9 451.1 266.1 438.6 278.6z\"><\/path><\/svg><\/span><span class=\"uagb-icon-list__label\">Teilnehmer:<\/span><\/div>\n<\/div><\/div>\n<\/div>\n\n\n\n<div class=\"wp-block-uagb-advanced-heading uagb-block-96167657\"><h2 class=\"uagb-heading-text\">Die Gruppen sind offen f\u00fcr Menschen aus allen Lebensbereichen. Vielfalt ist eine Bereicherung, und jede Stimme z\u00e4hlt.<\/h2><\/div>\n<\/div>\n\n\n\n<div class=\"wp-block-uagb-container will-appear fade-up has-list uagb-block-09636705\">\n<div class=\"wp-block-uagb-container uagb-block-e098671c\">\n<div class=\"wp-block-uagb-icon-list uagb-block-bf2adc03\"><div class=\"uagb-icon-list__wrap\">\n<div class=\"wp-block-uagb-icon-list-child uagb-block-a631766e\"><span class=\"uagb-icon-list__source-wrap\"><svg xmlns=\"https:\/\/www.w3.org\/2000\/svg\" viewBox=\"0 0 448 512\"><path d=\"M438.6 278.6l-160 160C272.4 444.9 264.2 448 256 448s-16.38-3.125-22.62-9.375c-12.5-12.5-12.5-32.75 0-45.25L338.8 288H32C14.33 288 .0016 273.7 .0016 256S14.33 224 32 224h306.8l-105.4-105.4c-12.5-12.5-12.5-32.75 0-45.25s32.75-12.5 45.25 0l160 160C451.1 245.9 451.1 266.1 438.6 278.6z\"><\/path><\/svg><\/span><span class=\"uagb-icon-list__label\">Regeln:<\/span><\/div>\n<\/div><\/div>\n<\/div>\n\n\n\n<ul class=\"wp-block-list\">\n<li>Vertraulichkeit: Alles bleibt in der Gruppe.<\/li>\n\n\n\n<li>Respekt: \u200b\u200bJede Meinung wird anerkannt.<\/li>\n\n\n\n<li>Freie Rede: Alle haben Raum, sich mitzuteilen.<\/li>\n\n\n\n<li>Aktives Zuh\u00f6ren: Wertfreies Zuh\u00f6ren steht im Fokus.<\/li>\n<\/ul>\n\n\n\n<div class=\"wp-block-uagb-advanced-heading uagb-block-38626f46\"><\/div>\n<\/div>\n<\/div>\n\n\n\n<div class=\"wp-block-uagb-container uagb-block-728ffd0f\">\n<div class=\"wp-block-uagb-advanced-heading uagb-block-6bdcf00b will-appear fade-up\"><h2 class=\"uagb-heading-text\">Melde Dich jetzt an und entdecke die Kraft einer starken Gemeinschaft. Gemeinsam f\u00fcr mehr W\u00fcrde \u2013 f\u00fcr Dich und andere!<\/h2><\/div>\n\n\n\n<div class=\"wp-block-uagb-buttons uagb-buttons__outer-wrap uagb-btn__default-btn uagb-btn-tablet__default-btn uagb-btn-mobile__default-btn uagb-block-26e4d1b9\"><div class=\"uagb-buttons__wrap uagb-buttons-layout-wrap \">\n<div class=\"wp-block-uagb-buttons-child uagb-buttons__outer-wrap uagb-block-650944da wp-block-button\"><div class=\"uagb-button__wrapper\"><a class=\"uagb-buttons-repeater wp-block-button__link\" aria-label=\"\" href=\"https:\/\/liebevollich.de\/wp-content\/uploads\/2025\/02\/Gruppenrahmen-Wurde-Liebevoll-Ich-2024-1.docx\" rel=\"follow noopener\" target=\"_self\" role=\"button\"><div class=\"uagb-button__link\">Anhang unsere Gruppenregeln!!<\/div><\/a><\/div><\/div>\n\n\n\n<div class=\"wp-block-uagb-buttons-child uagb-buttons__outer-wrap uagb-block-96d18cea wp-block-button\"><div class=\"uagb-button__wrapper\"><a class=\"uagb-buttons-repeater wp-block-button__link\" aria-label=\"\" href=\"https:\/\/liebevollich.de\/events\/liste\/?tribe-bar-search=selbsthilfegruppe+\" rel=\"follow noopener\" target=\"_self\" role=\"button\"><div class=\"uagb-button__link\">zu den Terminen<\/div><span class=\"uagb-button__icon uagb-button__icon-position-after\"><svg xmlns=\"https:\/\/www.w3.org\/2000\/svg\" viewBox=\"0 0 256 512\" aria-hidden=\"true\" focussable=\"false\"><path d=\"M64 448c-8.188 0-16.38-3.125-22.62-9.375c-12.5-12.5-12.5-32.75 0-45.25L178.8 256L41.38 118.6c-12.5-12.5-12.5-32.75 0-45.25s32.75-12.5 45.25 0l160 160c12.5 12.5 12.5 32.75 0 45.25l-160 160C80.38 444.9 72.19 448 64 448z\"><\/path><\/svg><\/span><\/a><\/div><\/div>\n<\/div><\/div>\n<\/div>\n<\/div>\n\n\n\n<div class=\"wp-block-uagb-container uagb-block-g1tntkwz alignfull uagb-is-root-container\"><div class=\"uagb-container-inner-blocks-wrap\"><\/div><\/div>\n","protected":false},"excerpt":{"rendered":"<p>Selbsthilfegruppe zum Thema \u201eW\u00fcrde des Menschen\u201c Die einzige und ehrlichste Hilfe, ist die Hilfe zur Selbsthilfe! LiebevollICH ist eine gemeinn\u00fctzige Initiative und Community, die sich der F\u00f6rderung von W\u00fcrde, Achtsamkeit [&hellip;]<\/p>\n","protected":false},"author":2,"featured_media":0,"parent":0,"menu_order":0,"comment_status":"closed","ping_status":"closed","template":"","meta":{"_uag_custom_page_level_css":".has-list li {\n\tdisplay: list-item;\n}","_EventAllDay":false,"_EventTimezone":"","_EventStartDate":"","_EventEndDate":"","_EventStartDateUTC":"","_EventEndDateUTC":"","_EventShowMap":false,"_EventShowMapLink":false,"_EventURL":"","_EventCost":"","_EventCostDescription":"","_EventCurrencySymbol":"","_EventCurrencyCode":"","_EventCurrencyPosition":"","_EventDateTimeSeparator":"","_EventTimeRangeSeparator":"","_EventOrganizerID":[],"_EventVenueID":[],"_OrganizerEmail":"","_OrganizerPhone":"","_OrganizerWebsite":"","_VenueAddress":"","_VenueCity":"","_VenueCountry":"","_VenueProvince":"","_VenueState":"","_VenueZip":"","_VenuePhone":"","_VenueURL":"","_VenueStateProvince":"","_VenueLat":"","_VenueLng":"","_VenueShowMap":false,"_VenueShowMapLink":false,"footnotes":""},"class_list":["post-1264","page","type-page","status-publish","hentry"],"uagb_featured_image_src":{"full":false,"thumbnail":false,"medium":false,"medium_large":false,"large":false,"1536x1536":false,"2048x2048":false},"uagb_author_info":{"display_name":"test_dev_X1@","author_link":"https:\/\/liebevollich.de\/?author=2"},"uagb_comment_info":0,"uagb_excerpt":"Selbsthilfegruppe zum Thema \u201eW\u00fcrde des Menschen\u201c Die einzige und ehrlichste Hilfe, ist die Hilfe zur Selbsthilfe! LiebevollICH ist eine gemeinn\u00fctzige Initiative und Community, die sich der F\u00f6rderung von W\u00fcrde, Achtsamkeit [&hellip;]","_links":{"self":[{"href":"https:\/\/liebevollich.de\/index.php?rest_route=\/wp\/v2\/pages\/1264","targetHints":{"allow":["GET"]}}],"collection":[{"href":"https:\/\/liebevollich.de\/index.php?rest_route=\/wp\/v2\/pages"}],"about":[{"href":"https:\/\/liebevollich.de\/index.php?rest_route=\/wp\/v2\/types\/page"}],"author":[{"embeddable":true,"href":"https:\/\/liebevollich.de\/index.php?rest_route=\/wp\/v2\/users\/2"}],"replies":[{"embeddable":true,"href":"https:\/\/liebevollich.de\/index.php?rest_route=%2Fwp%2Fv2%2Fcomments&post=1264"}],"version-history":[{"count":83,"href":"https:\/\/liebevollich.de\/index.php?rest_route=\/wp\/v2\/pages\/1264\/revisions"}],"predecessor-version":[{"id":2178,"href":"https:\/\/liebevollich.de\/index.php?rest_route=\/wp\/v2\/pages\/1264\/revisions\/2178"}],"wp:attachment":[{"href":"https:\/\/liebevollich.de\/index.php?rest_route=%2Fwp%2Fv2%2Fmedia&parent=1264"}],"curies":[{"name":"wp","href":"https:\/\/api.w.org\/{rel}","templated":true}]}}