{"id":397,"date":"2024-12-27T18:01:41","date_gmt":"2024-12-27T18:01:41","guid":{"rendered":"http:\/\/liebevollich.local\/?page_id=397"},"modified":"2026-02-01T11:19:31","modified_gmt":"2026-02-01T10:19:31","slug":"aktiv-werden","status":"publish","type":"page","link":"https:\/\/liebevollich.de\/?page_id=397","title":{"rendered":"AKTIV WERDEN"},"content":{"rendered":"\n<div class=\"wp-block-uagb-container container uagb-block-cac782b8 alignfull uagb-is-root-container\">\n<div class=\"wp-block-uagb-container will-appear fade-in uagb-block-5eb25aef\"><\/div>\n\n\n\n<div class=\"wp-block-uagb-advanced-heading uagb-block-a995bc7f will-appear fade-up\"><h2 class=\"uagb-heading-text\">Wie du aktiv werden kannst<\/h2><\/div>\n\n\n\n<div class=\"wp-block-uagb-container uagb-block-9585746a\">\n<div class=\"wp-block-uagb-container uagb-block-ed6c08ec\">\n<div class=\"wp-block-uagb-advanced-heading uagb-block-aaaf26c7 will-appear fade-up\"><h2 class=\"uagb-heading-text\">M\u00f6chtest du als W\u00fcrdebotschafter\u2026.<\/h2><\/div>\n\n\n\n<div class=\"wp-block-uagb-image alignleft uagb-block-6cd9b6aa wp-block-uagb-image--layout-default wp-block-uagb-image--effect-static wp-block-uagb-image--align-left will-appear fade-up delay-1\"><figure class=\"wp-block-uagb-image__figure\"><img decoding=\"async\" srcset=\"https:\/\/liebevollich.de\/wp-content\/uploads\/2024\/12\/pen-under-digital.png ,https:\/\/liebevollich.de\/wp-content\/uploads\/2024\/12\/pen-under-digital.png 780w, https:\/\/liebevollich.de\/wp-content\/uploads\/2024\/12\/pen-under-digital.png 360w\" sizes=\"auto, (max-width: 480px) 150px\" src=\"https:\/\/liebevollich.de\/wp-content\/uploads\/2024\/12\/pen-under-digital.png\" alt=\"\" class=\"uag-image-497\" width=\"521\" height=\"26\" title=\"pen under digital\" loading=\"lazy\" role=\"img\"\/><\/figure><\/div>\n\n\n\n<div class=\"wp-block-uagb-advanced-heading uagb-block-5fb081ea will-appear fade-up delay-2\"><h2 class=\"uagb-heading-text\">Du willst etwas bewegen? Gro\u00dfartig!<\/h2><p class=\"uagb-desc-text\">Ob du als W\u00fcrdebotschafter Menschen bereichern m\u00f6chtest, ein lokales W\u00fcrde World Caf\u00e9 organisierst oder daran teilnehmen m\u00f6chtest oder unseren TAG DER W\u00dcRDE mit in die Welt tr\u00e4gst: Bei LiebevollICH gibt es viele Wege, wie du dich aktiv f\u00fcr W\u00fcrde, Respekt und Nachhaltigkeit einsetzen kannst,ob als Privatperson, Unternehmen oder Organisation. Bei uns kannst du auf verschiedenste Weise mitmachen und unsere Vision unterst\u00fctzen.<\/p><\/div>\n\n\n\n<div class=\"wp-block-uagb-buttons uagb-buttons__outer-wrap uagb-btn__default-btn uagb-btn-tablet__default-btn uagb-btn-mobile__default-btn uagb-block-ede3d88f\"><div class=\"uagb-buttons__wrap uagb-buttons-layout-wrap \">\n<div class=\"wp-block-uagb-buttons-child uagb-buttons__outer-wrap uagb-block-972230c1 wp-block-button will-appear fade-up delay-3\"><div class=\"uagb-button__wrapper\"><a class=\"uagb-buttons-repeater wp-block-button__link\" aria-label=\"\" href=\"https:\/\/liebevollich.de\/kontakt\/\" rel=\"follow noopener\" target=\"_self\" role=\"button\"><div class=\"uagb-button__link\">Melde dich bei uns<\/div><\/a><\/div><\/div>\n<\/div><\/div>\n<\/div>\n\n\n\n<div class=\"wp-block-uagb-container first-image-containter uag-blocks-common-selector uagb-block-3a206d35\">\n<div class=\"wp-block-uagb-image alignright uagb-block-36d6ca8d wp-block-uagb-image--layout-default wp-block-uagb-image--effect-static wp-block-uagb-image--align-right first-image will-appear fade-in\"><figure class=\"wp-block-uagb-image__figure\"><img decoding=\"async\" srcset=\"https:\/\/liebevollich.de\/wp-content\/uploads\/2024\/12\/e9df6e760fa564a376324d97a73a29cc.jpg ,https:\/\/liebevollich.de\/wp-content\/uploads\/2024\/12\/e9df6e760fa564a376324d97a73a29cc.jpg 780w, https:\/\/liebevollich.de\/wp-content\/uploads\/2024\/12\/e9df6e760fa564a376324d97a73a29cc.jpg 360w\" sizes=\"auto, (max-width: 480px) 150px\" src=\"https:\/\/liebevollich.de\/wp-content\/uploads\/2024\/12\/e9df6e760fa564a376324d97a73a29cc.jpg\" alt=\"\" class=\"uag-image-266\" width=\"448\" height=\"336\" title=\"e9df6e760fa564a376324d97a73a29cc\" loading=\"lazy\" role=\"img\"\/><\/figure><\/div>\n<\/div>\n<\/div>\n\n\n\n<div class=\"wp-block-uagb-container uagb-layout-grid uagb-block-576238ec\">\n<div class=\"wp-block-uagb-container uagb-block-72b01a9f\">\n<div class=\"wp-block-uagb-advanced-heading uagb-block-96504cc0 will-appear fade-up delay-2\"><h2 class=\"uagb-heading-text\">W\u00fcrde World Caf\u00e9 \u2013 Ein Raum f\u00fcr echte Begegnung und tiefe Gespr\u00e4che<\/h2><p class=\"uagb-desc-text\">Ob du als W\u00fcrdebotschafter Menschen bereichern m\u00f6chtest, ein lokales W\u00fcrde World Caf\u00e9 organisierst oder daran teilnehmen m\u00f6chtest oder unseren TAG DER W\u00dcRDE mit in die Welt tr\u00e4gst: Bei LiebevollICH gibt es viele Wege, wie du dich aktiv f\u00fcr W\u00fcrde, Respekt und Nachhaltigkeit einsetzen kannst,ob als Privatperson, Unternehmen oder Organisation. Bei uns kannst du auf verschiedenste Weise mitmachen und unsere Vision unterst\u00fctzen.<\/p><\/div>\n\n\n\n<div class=\"wp-block-uagb-buttons uagb-buttons__outer-wrap uagb-btn__default-btn uagb-btn-tablet__default-btn uagb-btn-mobile__default-btn uagb-block-a88f7d42\"><div class=\"uagb-buttons__wrap uagb-buttons-layout-wrap \">\n<div class=\"wp-block-uagb-buttons-child uagb-buttons__outer-wrap uagb-block-24760f5a wp-block-button will-appear fade-up delay-3\"><div class=\"uagb-button__wrapper\"><a class=\"uagb-buttons-repeater wp-block-button__link\" aria-label=\"\" href=\"https:\/\/liebevollich.de\/kontakt\/\" rel=\"follow noopener\" target=\"_self\" role=\"button\"><div class=\"uagb-button__link\">Melde dich bei uns<\/div><\/a><\/div><\/div>\n<\/div><\/div>\n<\/div>\n\n\n\n<div class=\"wp-block-uagb-container uag-hide-tab uag-hide-mob uagb-block-6ddbac47\">\n<div class=\"wp-block-uagb-image alignright uagb-block-0794a484 wp-block-uagb-image--layout-default wp-block-uagb-image--effect-static wp-block-uagb-image--align-right will-appear fade-up\"><figure class=\"wp-block-uagb-image__figure\"><img decoding=\"async\" srcset=\"https:\/\/liebevollich.de\/wp-content\/uploads\/2025\/01\/Vector-4-1-1.png ,https:\/\/liebevollich.de\/wp-content\/uploads\/2025\/01\/Vector-4-1-1.png 780w, https:\/\/liebevollich.de\/wp-content\/uploads\/2025\/01\/Vector-4-1-1.png 360w\" sizes=\"auto, (max-width: 480px) 150px\" src=\"https:\/\/liebevollich.de\/wp-content\/uploads\/2025\/01\/Vector-4-1-1.png\" alt=\"\" class=\"uag-image-978\" width=\"70\" height=\"150\" title=\"Vector 4 (1)\" loading=\"lazy\" role=\"img\"\/><\/figure><\/div>\n<\/div>\n<\/div>\n\n\n\n<div class=\"wp-block-uagb-container uagb-block-dd0ebd7f\">\n<div class=\"wp-block-uagb-advanced-heading uagb-block-da0bafb9 will-appear fade-up delay-2\"><h2 class=\"uagb-heading-text\">Tag der W\u00fcrde \u2013 Gemeinsam f\u00fcr Respekt, Demokratie und Freiheit<\/h2><p class=\"uagb-desc-text\">Der Tag der W\u00fcrde ist ein sichtbares Symbol f\u00fcr den Wert der Menschlichkeit und die Kraft der W\u00fcrde. Jeder Mensch tr\u00e4gt W\u00fcrde in sich, doch oft ger\u00e4t sie durch gesellschaftliche Zw\u00e4nge und starre Strukturen in den Hintergrund. Dieser Tag \u2013 initiiert von LiebevollICH \u2013 l\u00e4dt uns ein, innezuhalten, die Bedeutung von W\u00fcrde zu reflektieren und sie als Basis f\u00fcr unser aller Handeln zu st\u00e4rken.<br>Unsere Vision:\u2028 Eine Welt, in der W\u00fcrde, Freiheit und Demokratie Hand in Hand gehen \u2013 f\u00fcr mehr Respekt und Menschlichkeit im Alltag und in allen Lebensbereichen.<br>Unser Ziel:\u2028 Den Gedanken der W\u00fcrde \u00fcber alle Grenzen sichtbar machen, Diskussionen anregen und gemeinsam Schritte in eine nachhaltige und faire Zukunft gehen.<\/p><\/div>\n<\/div>\n\n\n\n<div class=\"wp-block-uagb-container will-appear fade-up  delay-2 uagb-block-bc35b0f5\">\n<div class=\"wp-block-uagb-advanced-heading uagb-block-134f9003\"><h2 class=\"uagb-heading-text\">Sei dabei und gestalte den TAG DER W\u00dcRDE mit \u2013 f\u00fcr eine Welt, in der W\u00fcrde an erster Stelle steht!<\/h2><\/div>\n<\/div>\n\n\n\n<div class=\"wp-block-uagb-container will-appear fade-up delay-1 uagb-block-384a6182\"><\/div>\n\n\n\n<div class=\"wp-block-uagb-container uagb-block-1117fa1a\">\n<div class=\"wp-block-uagb-advanced-heading uagb-block-0d163b31 will-appear fade-up delay-2\"><h2 class=\"uagb-heading-text\">Unterst\u00fctzen \u2013 Gemeinsam f\u00fcr W\u00fcrde, Respekt und Nachhaltigkeit<\/h2><p class=\"uagb-desc-text\">Du m\u00f6chtest die Welt w\u00fcrdevoller machen? Gemeinsam k\u00f6nnen wir viel bewegen! \u2028<\/p><\/div>\n\n\n\n<div class=\"wp-block-uagb-advanced-heading uagb-block-cb36fff5 will-appear fade-up delay-2\"><p class=\"uagb-desc-text\">Ob als Mitglied unserer Organisation, durch dein ehrenamtliches Engagement, mit deiner Spende oder durch die Zusammenarbeit mit deinem Unternehmen \u2013 jede Unterst\u00fctzung hilft, W\u00fcrde als Grundwert in unserer Gesellschaft zu verankern.<br>Finde den Weg, der zu dir passt, und werde Teil einer Bewegung, die Respekt, Menschlichkeit und Nachhaltigkeit ins Zentrum stellt. Denn Ver\u00e4nderung beginnt mit uns allen.<\/p><\/div>\n<\/div>\n\n\n\n<div class=\"wp-block-uagb-advanced-heading uagb-block-c9fa1689 will-appear fade-up delay-2\"><h2 class=\"uagb-heading-text\">Mitglied werden<\/h2><p class=\"uagb-desc-text\">Als Mitglied vom Verein LiebevollICH bist du Teil einer starken, wachsenden Gemeinschaft, die sich aktiv f\u00fcr W\u00fcrde und Menschlichkeit einsetzt. Du unterst\u00fctzt unsere Arbeit langfristig und wirst \u00fcber alle Projekte und Veranstaltungen auf dem Laufenden gehalten. Gemeinsam setzen wir ein Zeichen f\u00fcr Respekt, Demokratie und Freiheit!<\/p><\/div>\n\n\n\n<div class=\"wp-block-uagb-container container hidden uagb-block-990de8b7 alignfull uagb-is-root-container\">\n<div class=\"wp-block-uagb-advanced-heading uagb-block-b687ec14 will-appear fade-up\"><h2 class=\"uagb-heading-text\">Selbsthilfegruppen Termine:<\/h2><\/div>\n\n\n\n<div class=\"wp-block-uagb-container will-appear fade-up uagb-block-0a8f4438\">\t\t\t\t\t<div\n\t\t\t\t\t\tclass=\"wp-block-uagb-image-gallery uagb-block-11ad7bc9     \"\n\t\t\t\t\t\tstyle=\"\"\n\t\t\t\t\t>\n\t\t\t\t\t\t\t\t\t\t\t<div class=\"spectra-image-gallery spectra-image-gallery__layout--carousel\">\n\t\t\t\t\t\t\t\t<div class=\"uagb-slick-carousel uagb-block-11ad7bc9\">\n\t\t\t\t\t\t\t\t\t\t\t\t<div class='spectra-image-gallery__media-wrapper' data-spectra-gallery-image-id='547'>\n\t\t\t\t\t\t\t<div class=\"spectra-image-gallery__media spectra-image-gallery__media--carousel\">\n\t\t\t\t<picture>\n\t\t\t\t\t<source media=\"(min-width: 1024px)\" srcset=\"https:\/\/liebevollich.de\/wp-content\/uploads\/2024\/12\/1631.jan-1.png\">\n\t\t\t\t\t<source media=\"(min-width: 768px)\" srcset=\"https:\/\/liebevollich.de\/wp-content\/uploads\/2024\/12\/1631.jan-1.png\">\n\t\t\t\t\t<img decoding=\"async\" class=\"spectra-image-gallery__media-thumbnail spectra-image-gallery__media-thumbnail--carousel\" src=\"https:\/\/liebevollich.de\/wp-content\/uploads\/2024\/12\/1631.jan-1.png\" alt=\"\" loading=\"lazy\" \/>\n\t\t\t\t<\/picture>\n\t\t\t\t<div class=\"spectra-image-gallery__media-thumbnail-blurrer\"><\/div>\n\t\t\t\t\t\t\t\t\t\t\t<div class=\"spectra-image-gallery__media-thumbnail-caption-wrapper spectra-image-gallery__media-thumbnail-caption-wrapper--overlay\"><\/div>\n\t\t\t\t\t\t\t\t<\/div>\n\t\t\t\t\t\t<\/div>\n\t\t\t\t\t\t<div class='spectra-image-gallery__media-wrapper' data-spectra-gallery-image-id='544'>\n\t\t\t\t\t\t\t<div class=\"spectra-image-gallery__media spectra-image-gallery__media--carousel\">\n\t\t\t\t<picture>\n\t\t\t\t\t<source media=\"(min-width: 1024px)\" srcset=\"https:\/\/liebevollich.de\/wp-content\/uploads\/2024\/12\/102.feb-1.png\">\n\t\t\t\t\t<source media=\"(min-width: 768px)\" srcset=\"https:\/\/liebevollich.de\/wp-content\/uploads\/2024\/12\/102.feb-1.png\">\n\t\t\t\t\t<img decoding=\"async\" class=\"spectra-image-gallery__media-thumbnail spectra-image-gallery__media-thumbnail--carousel\" src=\"https:\/\/liebevollich.de\/wp-content\/uploads\/2024\/12\/102.feb-1.png\" alt=\"\" loading=\"lazy\" \/>\n\t\t\t\t<\/picture>\n\t\t\t\t<div class=\"spectra-image-gallery__media-thumbnail-blurrer\"><\/div>\n\t\t\t\t\t\t\t\t\t\t\t<div class=\"spectra-image-gallery__media-thumbnail-caption-wrapper spectra-image-gallery__media-thumbnail-caption-wrapper--overlay\"><\/div>\n\t\t\t\t\t\t\t\t<\/div>\n\t\t\t\t\t\t<\/div>\n\t\t\t\t\t\t<div class='spectra-image-gallery__media-wrapper' data-spectra-gallery-image-id='546'>\n\t\t\t\t\t\t\t<div class=\"spectra-image-gallery__media spectra-image-gallery__media--carousel\">\n\t\t\t\t<picture>\n\t\t\t\t\t<source media=\"(min-width: 1024px)\" srcset=\"https:\/\/liebevollich.de\/wp-content\/uploads\/2024\/12\/1418.mars-1.png\">\n\t\t\t\t\t<source media=\"(min-width: 768px)\" srcset=\"https:\/\/liebevollich.de\/wp-content\/uploads\/2024\/12\/1418.mars-1.png\">\n\t\t\t\t\t<img decoding=\"async\" class=\"spectra-image-gallery__media-thumbnail spectra-image-gallery__media-thumbnail--carousel\" src=\"https:\/\/liebevollich.de\/wp-content\/uploads\/2024\/12\/1418.mars-1.png\" alt=\"\" loading=\"lazy\" \/>\n\t\t\t\t<\/picture>\n\t\t\t\t<div class=\"spectra-image-gallery__media-thumbnail-blurrer\"><\/div>\n\t\t\t\t\t\t\t\t\t\t\t<div class=\"spectra-image-gallery__media-thumbnail-caption-wrapper spectra-image-gallery__media-thumbnail-caption-wrapper--overlay\"><\/div>\n\t\t\t\t\t\t\t\t<\/div>\n\t\t\t\t\t\t<\/div>\n\t\t\t\t\t\t<div class='spectra-image-gallery__media-wrapper' data-spectra-gallery-image-id='545'>\n\t\t\t\t\t\t\t<div class=\"spectra-image-gallery__media spectra-image-gallery__media--carousel\">\n\t\t\t\t<picture>\n\t\t\t\t\t<source media=\"(min-width: 1024px)\" srcset=\"https:\/\/liebevollich.de\/wp-content\/uploads\/2024\/12\/1025.april-1.png\">\n\t\t\t\t\t<source media=\"(min-width: 768px)\" srcset=\"https:\/\/liebevollich.de\/wp-content\/uploads\/2024\/12\/1025.april-1.png\">\n\t\t\t\t\t<img decoding=\"async\" class=\"spectra-image-gallery__media-thumbnail spectra-image-gallery__media-thumbnail--carousel\" src=\"https:\/\/liebevollich.de\/wp-content\/uploads\/2024\/12\/1025.april-1.png\" alt=\"\" loading=\"lazy\" \/>\n\t\t\t\t<\/picture>\n\t\t\t\t<div class=\"spectra-image-gallery__media-thumbnail-blurrer\"><\/div>\n\t\t\t\t\t\t\t\t\t\t\t<div class=\"spectra-image-gallery__media-thumbnail-caption-wrapper spectra-image-gallery__media-thumbnail-caption-wrapper--overlay\"><\/div>\n\t\t\t\t\t\t\t\t<\/div>\n\t\t\t\t\t\t<\/div>\n\t\t\t\t\t\t<div class='spectra-image-gallery__media-wrapper' data-spectra-gallery-image-id='543'>\n\t\t\t\t\t\t\t<div class=\"spectra-image-gallery__media spectra-image-gallery__media--carousel\">\n\t\t\t\t<picture>\n\t\t\t\t\t<source media=\"(min-width: 1024px)\" srcset=\"https:\/\/liebevollich.de\/wp-content\/uploads\/2024\/12\/621-may-1.png\">\n\t\t\t\t\t<source media=\"(min-width: 768px)\" srcset=\"https:\/\/liebevollich.de\/wp-content\/uploads\/2024\/12\/621-may-1.png\">\n\t\t\t\t\t<img decoding=\"async\" class=\"spectra-image-gallery__media-thumbnail spectra-image-gallery__media-thumbnail--carousel\" src=\"https:\/\/liebevollich.de\/wp-content\/uploads\/2024\/12\/621-may-1.png\" alt=\"\" loading=\"lazy\" \/>\n\t\t\t\t<\/picture>\n\t\t\t\t<div class=\"spectra-image-gallery__media-thumbnail-blurrer\"><\/div>\n\t\t\t\t\t\t\t\t\t\t\t<div class=\"spectra-image-gallery__media-thumbnail-caption-wrapper spectra-image-gallery__media-thumbnail-caption-wrapper--overlay\"><\/div>\n\t\t\t\t\t\t\t\t<\/div>\n\t\t\t\t\t\t<\/div>\n\t\t\t\t\t\t<div class='spectra-image-gallery__media-wrapper' data-spectra-gallery-image-id='563'>\n\t\t\t\t\t\t\t<div class=\"spectra-image-gallery__media spectra-image-gallery__media--carousel\">\n\t\t\t\t<picture>\n\t\t\t\t\t<source media=\"(min-width: 1024px)\" srcset=\"https:\/\/liebevollich.de\/wp-content\/uploads\/2024\/12\/juni.png\">\n\t\t\t\t\t<source media=\"(min-width: 768px)\" srcset=\"https:\/\/liebevollich.de\/wp-content\/uploads\/2024\/12\/juni.png\">\n\t\t\t\t\t<img decoding=\"async\" class=\"spectra-image-gallery__media-thumbnail spectra-image-gallery__media-thumbnail--carousel\" src=\"https:\/\/liebevollich.de\/wp-content\/uploads\/2024\/12\/juni.png\" alt=\"\" loading=\"lazy\" \/>\n\t\t\t\t<\/picture>\n\t\t\t\t<div class=\"spectra-image-gallery__media-thumbnail-blurrer\"><\/div>\n\t\t\t\t\t\t\t\t\t\t\t<div class=\"spectra-image-gallery__media-thumbnail-caption-wrapper spectra-image-gallery__media-thumbnail-caption-wrapper--overlay\"><\/div>\n\t\t\t\t\t\t\t\t<\/div>\n\t\t\t\t\t\t<\/div>\n\t\t\t\t\t\t\t\t\t\t\t<\/div>\n\t\t\t\t\t\t\t<\/div>\n\t\t\t\t\t\t\t\t\t\t\t<\/div>\n\t\t\t\t\t\t\t\t\t<\/div>\n\n\n\n<div class=\"wp-block-uagb-advanced-heading uagb-block-e9a0fbdd will-appear fade-up\"><p class=\"uagb-desc-text\">Hebborner Berg 52, 51467 Bergisch&nbsp;Gladbach<br>je 18:00 Uhr<\/p><\/div>\n<\/div>\n\n\n\n<div class=\"wp-block-uagb-container will-appear fade-up uagb-block-6ff54ceb\">\n<div class=\"wp-block-uagb-image uagb-block-b37b5620 wp-block-uagb-image--layout-default wp-block-uagb-image--effect-static wp-block-uagb-image--align-none\"><figure class=\"wp-block-uagb-image__figure\"><img decoding=\"async\" srcset=\"https:\/\/liebevollich.de\/wp-content\/uploads\/2024\/12\/image-selection.png ,https:\/\/liebevollich.de\/wp-content\/uploads\/2024\/12\/image-selection.png 780w, https:\/\/liebevollich.de\/wp-content\/uploads\/2024\/12\/image-selection.png 360w\" sizes=\"auto, (max-width: 480px) 150px\" src=\"https:\/\/liebevollich.de\/wp-content\/uploads\/2024\/12\/image-selection.png\" alt=\"\" class=\"uag-image-498\" width=\"541\" height=\"388\" title=\"image selection\" loading=\"lazy\" role=\"img\"\/><\/figure><\/div>\n\n\n\n<div class=\"wp-block-uagb-container uagb-block-35295220\">\n<div class=\"wp-block-uagb-advanced-heading uagb-block-143d109e\"><h2 class=\"uagb-heading-text\">Starte als W\u00fcrdebotschafter ein W\u00fcrde-Caf\u00e9 oder eine Selbsthilfegruppe\u2028\u2028<\/h2><p class=\"uagb-desc-text\">Schaffe einen Ort f\u00fcr Dialog, Austausch und Reflexion, in dem Menschen \u00fcber ihre Erfahrungen sprechen und voneinander lernen. Ob in deiner Nachbarschaft, in Unternehmen oder Bildungseinrichtungen \u2013 du bringst Menschen zusammen.<\/p><\/div>\n\n\n\n<div class=\"wp-block-uagb-buttons uagb-buttons__outer-wrap uagb-btn__default-btn uagb-btn-tablet__default-btn uagb-btn-mobile__default-btn uagb-block-38b4cf06\"><div class=\"uagb-buttons__wrap uagb-buttons-layout-wrap \">\n<div class=\"wp-block-uagb-buttons-child uagb-buttons__outer-wrap uagb-block-18040dd1 wp-block-button\"><div class=\"uagb-button__wrapper\"><a class=\"uagb-buttons-repeater wp-block-button__link\" aria-label=\"\" href=\"https:\/\/liebevollich.de\/wurde-world-cafes\/\" rel=\"follow noopener\" target=\"_self\" role=\"button\"><div class=\"uagb-button__link\">W\u00fcrde World Cafes<\/div><\/a><\/div><\/div>\n<\/div><\/div>\n<\/div>\n<\/div>\n\n\n\n<div class=\"wp-block-uagb-container will-appear fade-up uagb-block-2b18716a\">\n<div class=\"wp-block-uagb-container uagb-block-cdb36a24\">\n<div class=\"wp-block-uagb-advanced-heading uagb-block-87c6b85d\"><h2 class=\"uagb-heading-text\">Engagiere dich ehrenamtlich<\/h2><p class=\"uagb-desc-text\">Unterst\u00fctze unsere Projekte und Veranstaltungen mit deinem Know How und deiner Zeit. Egal, ob du bei unseren Events hilfst, in der Organisation mitwirkst oder deine Expertise in speziellen Bereichen einbringst \u2013 jede Hilfe bringt uns weiter und die Menschen der W\u00fcrde n\u00e4her.<\/p><\/div>\n<\/div>\n\n\n\n<div class=\"wp-block-uagb-image uagb-block-4c6c2bf4 wp-block-uagb-image--layout-default wp-block-uagb-image--effect-static wp-block-uagb-image--align-none\"><figure class=\"wp-block-uagb-image__figure\"><img decoding=\"async\" srcset=\"https:\/\/liebevollich.de\/wp-content\/uploads\/2024\/12\/Frame-1618872962.png ,https:\/\/liebevollich.de\/wp-content\/uploads\/2024\/12\/Frame-1618872962.png 780w, https:\/\/liebevollich.de\/wp-content\/uploads\/2024\/12\/Frame-1618872962.png 360w\" sizes=\"auto, (max-width: 480px) 150px\" src=\"https:\/\/liebevollich.de\/wp-content\/uploads\/2024\/12\/Frame-1618872962.png\" alt=\"\" class=\"uag-image-499\" width=\"541\" height=\"388\" title=\"Frame 1618872962\" loading=\"lazy\" role=\"img\"\/><\/figure><\/div>\n<\/div>\n\n\n\n<div class=\"wp-block-uagb-advanced-heading uagb-block-07e15eab will-appear fade-up hidden\"><h2 class=\"uagb-heading-text\">Spende oder organisiere eine Spendenaktion:<\/h2><\/div>\n\n\n\n<div class=\"wp-block-uagb-image uagb-block-f6538265 wp-block-uagb-image--layout-default wp-block-uagb-image--effect-static wp-block-uagb-image--align-none will-appear fade-up hidden\"><figure class=\"wp-block-uagb-image__figure\"><img decoding=\"async\" srcset=\"https:\/\/liebevollich.de\/wp-content\/uploads\/2024\/12\/Frame-1618873142-1024x335.png ,https:\/\/liebevollich.de\/wp-content\/uploads\/2024\/12\/Frame-1618873142.png 780w, https:\/\/liebevollich.de\/wp-content\/uploads\/2024\/12\/Frame-1618873142.png 360w\" sizes=\"auto, (max-width: 480px) 150px\" src=\"https:\/\/liebevollich.de\/wp-content\/uploads\/2024\/12\/Frame-1618873142-1024x335.png\" alt=\"\" class=\"uag-image-511\" width=\"1205\" height=\"394\" title=\"Frame 1618873142\" loading=\"lazy\" role=\"img\"\/><\/figure><\/div>\n\n\n\n<div class=\"wp-block-uagb-container will-appear fade-up uagb-block-d29529a2\">\n<div class=\"wp-block-uagb-image uagb-block-e8806f65 wp-block-uagb-image--layout-default wp-block-uagb-image--effect-static wp-block-uagb-image--align-none\"><figure class=\"wp-block-uagb-image__figure\"><img decoding=\"async\" srcset=\"https:\/\/liebevollich.de\/wp-content\/uploads\/2024\/12\/Frame-1618872933.png ,https:\/\/liebevollich.de\/wp-content\/uploads\/2024\/12\/Frame-1618872933.png 780w, https:\/\/liebevollich.de\/wp-content\/uploads\/2024\/12\/Frame-1618872933.png 360w\" sizes=\"auto, (max-width: 480px) 150px\" src=\"https:\/\/liebevollich.de\/wp-content\/uploads\/2024\/12\/Frame-1618872933.png\" alt=\"\" class=\"uag-image-515\" width=\"541\" height=\"388\" title=\"Frame 1618872933\" loading=\"lazy\" role=\"img\"\/><\/figure><\/div>\n\n\n\n<div class=\"wp-block-uagb-container uagb-block-a82ff59c\">\n<div class=\"wp-block-uagb-advanced-heading uagb-block-ac8a3d79\"><h2 class=\"uagb-heading-text\">F\u00fcr Unternehmen, Stiftungen und prominente Unterst\u00fctzer:<\/h2><p class=\"uagb-desc-text\">Auch als Unternehmen oder Organisation kannst du mit uns kooperieren \u2013 durch gemeinsame Projekte, Corporate Volunteering oder gezielte F\u00f6rderungen. Eure Unterst\u00fctzung hilft uns, den Gedanken der W\u00fcrde in die Arbeitswelt, das Bildungswesen und die Gesellschaft zu tragen.\u2028\u2028<\/p><\/div>\n<\/div>\n<\/div>\n\n\n\n<div class=\"wp-block-uagb-advanced-heading uagb-block-0c777cb5 will-appear fade-up hidden\"><h2 class=\"uagb-heading-text\">Ganz gleich, wie du dich einbringen m\u00f6chtest \u2013 mit deinem Engagement hilfst du, W\u00fcrde, Respekt und Nachhaltigkeit zu einem festen Bestandteil unserer Gesellschaft zu machen.<\/h2><p class=\"uagb-desc-text\">Mach den ersten Schritt und werde Teil einer Bewegung, die echte Ver\u00e4nderung bringt!<\/p><\/div>\n<\/div>\n","protected":false},"excerpt":{"rendered":"<p>Wie du aktiv werden kannst M\u00f6chtest du als W\u00fcrdebotschafter\u2026. Du willst etwas bewegen? Gro\u00dfartig! Ob du als W\u00fcrdebotschafter Menschen bereichern m\u00f6chtest, ein lokales W\u00fcrde World Caf\u00e9 organisierst oder daran teilnehmen [&hellip;]<\/p>\n","protected":false},"author":2,"featured_media":0,"parent":0,"menu_order":0,"comment_status":"closed","ping_status":"closed","template":"","meta":{"_uag_custom_page_level_css":".first-image-containter {\n\theight: 360px !important;\n}\n.first-image {\n\twidth: 100% !important;\n\theight: 100% !important;\n\t\n\tfilter: drop-shadow(-18px -18px 0px #13ADB7);\n}\n\n.first-image img{\n\twidth: 100% !important;\n\theight: 100% !important;\n}\n\n.hand-mini-icon {\n\tposition: absolute !important;\n\tright:0;\n\tbottom:0;\n\tz-index: 1;\n}\n\n.wpsbc-calendars {\n    display: flex !important;\n\tjustify-content: center !important;\n}\n\n.wpsbc-calendar {\n    max-width: 500px !important;\n}\n\n.wpsbc-container.wpsbc-calendar-1 .wpsbc-legend-item-icon-2 div:first-of-type {\n    background-color: #ddffcc !important;\n}","_EventAllDay":false,"_EventTimezone":"","_EventStartDate":"","_EventEndDate":"","_EventStartDateUTC":"","_EventEndDateUTC":"","_EventShowMap":false,"_EventShowMapLink":false,"_EventURL":"","_EventCost":"","_EventCostDescription":"","_EventCurrencySymbol":"","_EventCurrencyCode":"","_EventCurrencyPosition":"","_EventDateTimeSeparator":"","_EventTimeRangeSeparator":"","_EventOrganizerID":[],"_EventVenueID":[],"_OrganizerEmail":"","_OrganizerPhone":"","_OrganizerWebsite":"","_VenueAddress":"","_VenueCity":"","_VenueCountry":"","_VenueProvince":"","_VenueState":"","_VenueZip":"","_VenuePhone":"","_VenueURL":"","_VenueStateProvince":"","_VenueLat":"","_VenueLng":"","_VenueShowMap":false,"_VenueShowMapLink":false,"footnotes":""},"class_list":["post-397","page","type-page","status-publish","hentry"],"uagb_featured_image_src":{"full":false,"thumbnail":false,"medium":false,"medium_large":false,"large":false,"1536x1536":false,"2048x2048":false},"uagb_author_info":{"display_name":"test_dev_X1@","author_link":"https:\/\/liebevollich.de\/?author=2"},"uagb_comment_info":0,"uagb_excerpt":"Wie du aktiv werden kannst M\u00f6chtest du als W\u00fcrdebotschafter\u2026. Du willst etwas bewegen? Gro\u00dfartig! Ob du als W\u00fcrdebotschafter Menschen bereichern m\u00f6chtest, ein lokales W\u00fcrde World Caf\u00e9 organisierst oder daran teilnehmen [&hellip;]","_links":{"self":[{"href":"https:\/\/liebevollich.de\/index.php?rest_route=\/wp\/v2\/pages\/397","targetHints":{"allow":["GET"]}}],"collection":[{"href":"https:\/\/liebevollich.de\/index.php?rest_route=\/wp\/v2\/pages"}],"about":[{"href":"https:\/\/liebevollich.de\/index.php?rest_route=\/wp\/v2\/types\/page"}],"author":[{"embeddable":true,"href":"https:\/\/liebevollich.de\/index.php?rest_route=\/wp\/v2\/users\/2"}],"replies":[{"embeddable":true,"href":"https:\/\/liebevollich.de\/index.php?rest_route=%2Fwp%2Fv2%2Fcomments&post=397"}],"version-history":[{"count":66,"href":"https:\/\/liebevollich.de\/index.php?rest_route=\/wp\/v2\/pages\/397\/revisions"}],"predecessor-version":[{"id":2174,"href":"https:\/\/liebevollich.de\/index.php?rest_route=\/wp\/v2\/pages\/397\/revisions\/2174"}],"wp:attachment":[{"href":"https:\/\/liebevollich.de\/index.php?rest_route=%2Fwp%2Fv2%2Fmedia&parent=397"}],"curies":[{"name":"wp","href":"https:\/\/api.w.org\/{rel}","templated":true}]}}